lculate the greatest common factor of 30057056 and 227824.
7856
Calculate the highest common factor of 735 and 32202408.
147
What is the greatest common divisor of 37022387 and 69?
23
Calculate the highest common divisor of 4 and 33509.
1
Calculate the greatest common divisor of 2208 and 6243120.
1104
What is the greatest common factor of 2625849 and 10881216?
18891
Calculate the greatest common divisor of 74844 and 36900864.
2772
What is the greatest common factor of 19844 and 94952?
44
What is the highest common factor of 1397922151 and 107?
107
Calculate the greatest common divisor of 1005472 and 18.
2
What is the greatest common divisor of 2562426 and 3?
3
Calculate the highest common factor of 43001 and 2191.
7
Calculate the highest common factor of 42776545 and 35.
35
What is the highest common divisor of 7069678 and 607376?
4466
Calculate the greatest common divisor of 630998271 and 2777.
2777
Calculate the highest common factor of 1042076 and 8.
4
What is the greatest common divisor of 19482 and 4012?
34
Calculate the greatest common divisor of 1274625 and 21321.
927
Calculate the greatest common factor of 41003 and 4433171.
131
What is the greatest common factor of 210012 and 38442?
258
Calculate the greatest common factor of 42000 and 465000.
3000
Calculate the highest common divisor of 38635104 and 2664.
888
What is the highest common factor of 26886265 and 4760?
595
What is the greatest common factor of 22906 and 11674?
26
Calculate the highest common divisor of 11 and 3126676267.
11
What is the highest common divisor of 3013451760 and 48?
48
What is the highest common divisor of 9336 and 11498451?
1167
Calculate the highest common divisor of 5650 and 285325.
2825
What is the highest common factor of 864533535 and 380?
95
What is the greatest common factor of 2279 and 111783144?
43
What is the highest common divisor of 2442 and 127112205?
1221
What is the greatest common factor of 50 and 630810?
10
What is the highest common factor of 232 and 22333364?
116
What is the highest common divisor of 13 and 685997?
13
What is the highest common factor of 663680 and 9920?
320
Calculate the greatest common factor of 6 and 33917013.
3
What is the greatest common divisor of 191224 and 73062?
902
Calculate the greatest common divisor of 7504 and 48368.
16
Calculate the greatest common divisor of 2504 and 11891809.
313
What is the highest common divisor of 3744393 and 14123?
29
What is the greatest common divisor of 619441 and 44309?
59
Calculate the greatest common divisor of 78 and 176968467.
39
Calculate the highest common factor of 3139118 and 560660.
578
What is the highest common factor of 7673133 and 39?
39
Calculate the greatest common factor of 11815631 and 16019.
83
What is the highest common divisor of 1785 and 354399?
51
What is the greatest common factor of 34372830 and 90?
30
Calculate the highest common factor of 1222617736 and 15016.
15016
Calculate the greatest common divisor of 499902 and 646.
34
What is the highest common divisor of 66848575 and 152900?
3475
What is the highest common factor of 2206 and 3566561530?
2206
Calculate the highest common divisor of 76470 and 119178.
6
Calculate the highest common factor of 330 and 2652288.
6
What is the highest common divisor of 1194215 and 135?
5
What is the highest common divisor of 1440 and 12411345?
15
Calculate the greatest common divisor of 44 and 121578666.
22
What is the highest common divisor of 91017803 and 2491?
47
Calculate the highest common factor of 5479180 and 58800.
980
Calculate the greatest common factor of 369852 and 8897834.
1258
What is the highest common factor of 639760 and 22880?
880
Calculate the greatest common divisor of 993 and 226121657.
331
Calculate the highest common factor of 2444346 and 23127.
1779
Calculate the greatest common divisor of 30345 and 2115.
15
Calculate the highest common divisor of 1317693 and 403741.
169
What is the greatest common factor of 194909194 and 606?
202
Calculate the greatest common factor of 20937 and 55237788.
2991
What is the greatest common divisor of 30251360 and 16340?
860
Calculate the highest common factor of 466627 and 15799903.
4361
What is the highest common divisor of 217 and 275001?
31
What is the highest common factor of 2142408 and 2550?
102
What is the greatest common factor of 127565228 and 392?
196
What is the greatest common factor of 6839201 and 622?
311
What is the highest common divisor of 1746 and 106352352?
1746
What is the greatest common factor of 2894796 and 1404?
36
What is the greatest common divisor of 204246 and 543?
3
What is the highest common divisor of 32708 and 25944992?
2516
Calculate the greatest common divisor of 180180 and 82446.
546
Calculate the highest common factor of 23 and 345614445.
23
Calculate the highest common factor of 31866732 and 396.
36
Calculate the highest common factor of 6138254 and 38.
38
Calculate the highest common factor of 80560 and 3116.
76
Calculate the greatest common divisor of 177 and 4008342.
177
Calculate the highest common divisor of 2800182 and 19481.
847
Calculate the highest common divisor of 4573 and 1313527.
269
Calculate the highest common divisor of 22208 and 22355128.
2776
What is the highest common divisor of 171 and 2724129?
9
What is the greatest common factor of 3827 and 59081048?
89
What is the greatest common divisor of 32375 and 623875?
875
What is the highest common factor of 18178816 and 16128?
256
What is the highest common factor of 58848 and 1528209?
1839
What is the greatest common factor of 38131215 and 2713?
2713
Calculate the greatest common factor of 279680741 and 4151.
593
What is the greatest common divisor of 4753 and 2054423?
49
Calculate the greatest common divisor of 1059805 and 1160.
145
What is the highest common factor of 7735 and 101660?
1105
What is the highest common divisor of 477 and 358595403?
159
What is the highest common factor of 27538901 and 52?
13
What is the highest common divisor of 5193760 and 104962?
286
What is the highest common divisor of 263422151 and 8326?
4163
Calculate the highest common divisor of 4536 and 1654020648.
4536
What is the highest common factor of 1750 and 232736?
14
What is the greatest common factor of 186 and 27388035?
93
Calculate the greatest common factor of 1494703 and 134.
67
Calculate the highest common factor of 14445 and 2434455.
135
Calculate the highest common factor of 2407 and 626139.
29
What is the greatest common factor of 29 and 47113487?
29
What is the greatest common divisor of 7686 and 2210313?
21
Calculate the highest common divisor of 27422564 and 6409.
221
Calculate the highest common divisor of 2296539 and 6381.
9
Calculate the highest common divisor of 19 and 4307508487.
19
Calculate the highest common divisor of 28564136 and 4.
4
Calculate the greatest common divisor of 17749475 and 4475.
25
What is the highest common factor of 7440153 and 1?
1
Calculate the greatest common factor of 73260 and 3564.
396
Calculate the greatest common divisor of 45556708 and 996.
332
Calculate the highest common factor of 2751 and 33673157.
917
Calculate the highest common factor of 1083 and 1801029.
1083
Calculate the highest common factor of 512443419 and 2469.
2469
What is the highest common divisor of 137427569 and 477?
53
What is the highest common divisor of 4439166 and 24?
6
Calculate the greatest common factor of 870765 and 64470.
105
Calculate the highest common divisor of 40662 and 8032.
502
Calculate the greatest common factor of 1724 and 301777149.
431
Calculate the greatest common divisor of 166631175 and 27.
27
What is the greatest common factor of 2003043 and 2667?
21
Calculate the highest common factor of 5597566 and 987188.
10502
What is the greatest common divisor of 51508902 and 6?
6
What is the highest common factor of 347305 and 140?
35
Calculate the greatest common divisor of 38907045 and 1075.
215
Calculate the greatest common factor of 3846633 and 68817.
2373
What is the highest common divisor of 40987800 and 2925?
225
What is the highest common divisor of 29863527 and 1017?
339
Calculate the highest common divisor of 813290 and 668.
334
What is the greatest common divisor of 6509945 and 481?
13
What is the highest common factor of 1190 and 8090